te the remainder when y is divided by 25.
15
Let k = -8551 + 9309. Calculate the remainder when k is divided by 125.
8
Let x(h) = -640*h - 1479. What is the remainder when x(-4) is divided by 156?
145
Let m = 2120 + -804. What is the remainder when 186 is divided by ((-3)/(-21))/(4/m)?
45
Suppose -32 = -4*z - 13*w + 11*w, -80 = -10*z + w. Let d = 1 + 1. Calculate the remainder when -4 + 26 + -1*d is divided by z.
4
Suppose -20 = -i + 6*i, -3*d - i = -119. Let m(o) = -2*o**2 + 183*o - 1906. Calculate the remainder when m(77) is divided by d.
40
Suppose -134 = 2*s - 166. Suppose s*o + 0 = 64. Calculate the remainder when 19 is divided by o.
3
Let u = 8424 - 8337. Calculate the remainder when u is divided by (-33)/(-2) + (-3)/2.
12
Calculate the remainder when 923 is divided by (338/(-11 + -2))/(-1).
13
Let i = -91 + 97. Suppose -2*j - 3*j + 25 = 0. Suppose -j*y + 3*l = -81, 0 = y - 3*y - 3*l + 24. What is the remainder when y is divided by i?
3
Let h = -209 + 300. Suppose 5*l - 18*s - 161 = -15*s, 3*l - 89 = -2*s. What is the remainder when h is divided by l?
29
Let a(c) = 5*c**2 - c - 1. Let i be a(1). Let l(q) = 3*q**2 - 4*q - 3. Let g(k) = -k**3 - k**2 - k + 34. What is the remainder when g(0) is divided by l(i)?
10
Calculate the remainder when (-2 - (-450 - -1))/((-21)/(-28)) is divided by 121.
112
Calculate the remainder when 214 is divided by 113/(244/(-122)*1*(-2)/4).
101
Suppose 11223 + 8932 = 145*x. What is the remainder when 2500 is divided by x?
137
Let l(s) = -918*s - 19177. Suppose 5*p - 207 = 3*w, -w - 102 = -3*p + 19. Calculate the remainder when l(-21) is divided by p.
23
Let a be (-25)/(-8 + 3) - 2. Suppose -h = a*i - 73, 195 + 203 = 5*h + 4*i. Calculate the remainder when h is divided by 23.
13
Let j = -443 - -446. Calculate the remainder when 84 is divided by (-11)/33 + 0 - (-103)/j.
16
What is the remainder when -1*2 + 90/18 + 343 is divided by 70?
66
Let l be (-53)/(-5) + 78/(-130). Suppose 0 = l*q - 251 + 1. What is the remainder when 74 is divided by q?
24
Let a be 0 - (-3 + 7) - (-2)/(-2). Let i(q) = q**3 + 7*q**2 + 9*q + 4. Calculate the remainder when 33 is divided by i(a).
6
Let a = 14660 + -14404. What is the remainder when 520 is divided by a?
8
Suppose a = -a + 48. Calculate the remainder when (4278/(-124))/((-2)/4) is divided by a.
21
Suppose 20 = -27*i + 31*i. Calculate the remainder when 39 is divided by (1 - i) + 26 - -1.
16
Suppose 5*i - 8 = 3*h, 4*i + 0*h + 4*h - 32 = 0. Suppose -2*w + 3068 = i*v, 0*v + 3*v - 2303 = -w. What is the remainder when v is divided by 77?
76
What is the remainder when 447 is divided by 948/4424 + (-5317)/(-14)?
67
What is the remainder when 11894 is divided by (-1299)/(-3464) + (-282)/(-16)?
14
Let l(w) = w**2 - 18*w + 107. Let o be 3/(4 + (-66)/18). What is the remainder when 100 is divided by l(o)?
22
Let z(p) = 52*p + 1108. What is the remainder when 3533 is divided by z(-21)?
13
Let k be 50/(-125)*(-4 - (-1)/(-1)). Suppose -k*l - 24 = -34. What is the remainder when 18 is divided by l?
3
Let m(i) = 4*i - 13. Suppose 2*k = v + 338, -3*k + 0*v = v - 512. Suppose -50 = 6*n - k. Calculate the remainder when n is divided by m(5).
6
Let t be 0 + 1 + 0 + -2 + -1. What is the remainder when (-1 + 8 - 49)/t is divided by (1 - (1 + -7)) + 1?
5
Let q = -921 + 3076. Calculate the remainder when q is divided by 7.
6
Let c = -533 - -537. Suppose 57 = 3*v - 0*v + 3*u, -112 = -c*v + 5*u. Calculate the remainder when 114 is divided by v.
22
Let j = -15376 + 15390. Calculate the remainder when (80 - 0)*(0 + 4) is divided by j.
12
Let t = -1053 - -2003. Suppose -18*w = -56*w + t. What is the remainder when 199 is divided by w?
24
Let h = -2254 - -2610. Calculate the remainder when h is divided by 17.
16
Suppose -3 = -u - 2*q + 4*q, 6 = 2*u + 3*q. Suppose 0 = -2*x + u*x - 9. What is the remainder when ((26/5)/(-1))/(1/(-10)) is divided by x?
7
Let t(y) = y**2 - 89*y + 1841. What is the remainder when 362 is divided by t(58)?
18
Let g be (332/12 + 2)*9. Suppose 0 = 14*a - 11*a - g. Calculate the remainder when a is divided by 13.
11
What is the remainder when ((-89)/(-4))/((-329)/2256*(-2)/7) is divided by 27?
21
Suppose -996 = -11*o + 1006. Suppose -36*j + 29*j = -o. Let l = -2 + j. Calculate the remainder when 45 is divided by l.
21
Suppose 8*i - 3659 - 3741 = 0. Suppose -3*t + 177 = 3*s, -6*s + s = -7*t + 401. Calculate the remainder when i is divided by t.
55
Let r be 771/(-2) + (-5)/10. Let v = -336 - r. What is the remainder when v is divided by 5?
0
Suppose -2*l - 16 = -40. Let b(o) be the third derivative of 2*o**4/3 - 25*o**3/2 + 2*o**2 - 33*o. Calculate the remainder when b(6) is divided by l.
9
Let x be (-149)/(-3) - 14/21. Let w = -21 + x. What is the remainder when (-873)/(-9) + (-40)/(-4) is divided by w?
23
Let c = -253 + 636. Suppose -3*i + 2*i + 48 = 0. What is the remainder when c is divided by i?
47
Suppose 6*t + 145 - 157 = 0. Suppose 0 = -t*b + g - 5*g + 206, -5*b + 3*g = -528. Calculate the remainder when b is divided by 9.
6
Let v(g) = 5*g + 27. Let j be v(-6). Suppose 0 = h - 26 + 10. Calculate the remainder when h is divided by j + (14/(-3))/((-4)/6).
0
Suppose -4*f + 291 = -237. Let g(o) = -10*o - 16. Let r = 54 - 59. What is the remainder when f is divided by g(r)?
30
Let s(z) = -z**3 + 22*z**2 + 320*z + 6. Suppose -2*r + 2*p + 382 = 0, 5*r - 4*p + 5*p = 985. What is the remainder when r is divided by s(-10)?
4
Suppose -4*p - 96 = 4*b, -7*p + 10*p - 88 = 5*b. Calculate the remainder when 31 is divided by (5/(b/(-12)))/(21/56).
7
Suppose 5*v + 10 = 75. Let p = v - -8. Let s = 26 - -35. Calculate the remainder when s is divided by p.
19
Calculate the remainder when 442 is divided by (0 - 17/(-4)) + (-27)/(-1404)*-13.
2
Let j be 12/9*-3 + 16 + -4. Suppose 23*n = 22*n + j. Calculate the remainder when 39 is divided by n.
7
Suppose 4*g = -5*k + 393, 0*g = 4*g - 3*k - 385. Suppose -11*w = -71 - 28. Calculate the remainder when g is divided by w.
7
Calculate the remainder when 1161 is divided by 4/(-54) - ((-22392)/486 + -4).
11
Suppose 22*r = 14963 + 4309. Calculate the remainder when r is divided by 11.
7
Let l(p) = 8*p**3 - 5*p + 5. Let b be l(1). Suppose -23 = -b*z + 25. Suppose 4*h = z*h - 248. What is the remainder when h is divided by 7?
5
Let j = 443 - 426. What is the remainder when j is divided by 10?
7
Let m be (-15)/(-5 - 0) - -1. Suppose -r + 4*n - 15 = -83, -2*n = m. Suppose -9 = 3*l, -r = -5*j - 3*l + 16. Calculate the remainder when 67 is divided by j.
16
Let d be ((-8)/(-3))/((-104)/468). Let p(b) = -b**2 - 17*b - 46. Calculate the remainder when 59 is divided by p(d).
3
Let y = -8 - -10. Suppose -y*a = -4*a + 8. What is the remainder when (13 - (14 - 1)) + (2 - -22) is divided by a?
0
Let i(s) = -s**3 + s**2 + s. Let k(l) = -6*l**3 - 2*l**2 - l - 204. Let d(n) = -5*i(n) + k(n). Calculate the remainder when d(-12) is divided by 31.
30
Let g(j) = 3*j**2 + 20*j - 104. What is the remainder when 414 is divided by g(-12)?
62
Suppose -635 = -h - 8*l + 11*l, 5*l + 637 = h. Calculate the remainder when h is divided by 71.
64
Let c(a) = 14*a**2 - a - 1. Let q be c(-1). Let l(o) be the second derivative of o**3/6 + 19*o**2 + 831*o. Calculate the remainder when 205 is divided by l(q).
49
Let d be (-8)/(-3)*(27/(-2) + 3). Suppose 135 = 5*r - 5*y, 5*r - 162 = 4*y - 23. Calculate the remainder when d/(-4) + 8 + 169 is divided by r.
29
Let g be (-1 + 5 + 1)*-1 - -323. Let c = g - 285. Calculate the remainder when c is divided by 15.
3
Let g(u) = 27*u - 7. Let i be (-236)/16 + 4/(-16). What is the remainder when 18/i*460/12*-2 is divided by g(2)?
45
Let o(u) = u**3 + 28*u**2 - 129*u + 13. Calculate the remainder when o(11) is divided by 87.
7
Suppose -d + 845 = 4*c, 31*d - c - 1753 = 29*d. What is the remainder when d is divided by 232?
177
Let l = 202 - 200. Suppose -4*a - 24 = 2*i + a, 4*i + 20 = -3*a. What is the remainder when 5 - (5 + i)*-1 is divided by l?
0
Let x(p) be the first derivative of -2*p**3/3 - 13*p**2/2 + 3*p - 4. Let o(m) = 22*m + 171. Let v be o(-8). Calculate the remainder when 105 is divided by x(v).
15
Suppose -3*j - 1 = -0*b - b, 2*b = -j - 19. What is the remainder when 20/15*((-836)/b + -4) is divided by 9?
8
Suppose -80 = -5*r + 4*z, 34 = 2431*r 